e?
False
Is 479209 a composite number?
False
Is 18673 prime?
False
Is 2571 prime?
False
Is 787793 composite?
False
Is 1739978 a composite number?
True
Is 229937 a prime number?
True
Is 74597 a composite number?
False
Is 36463 a composite number?
True
Is 112411 composite?
True
Is 1671 a composite number?
True
Is 1656271 a prime number?
False
Is 91477 composite?
True
Is 27733 composite?
False
Is 25621 prime?
True
Is 697453 a composite number?
False
Is 797807 a composite number?
True
Is 222473 composite?
True
Is 238955 a composite number?
True
Is 2153 a composite number?
False
Is 427681 a composite number?
False
Is 67099 prime?
False
Is 830513 a composite number?
False
Is 865 composite?
True
Is 235889 a composite number?
False
Is 162233 prime?
False
Is 6760617 a composite number?
True
Is 36071 a composite number?
True
Is 154139 a composite number?
True
Is 3632795 a prime number?
False
Is 770078 composite?
True
Is 29741 prime?
True
Is 335 a prime number?
False
Is 16163 a prime number?
False
Is 10211 a prime number?
True
Is 489 prime?
False
Is 59333 prime?
True
Is 4127 a prime number?
True
Is 5305 composite?
True
Is 214039 a composite number?
True
Is 5609 a prime number?
False
Is 41443 composite?
False
Is 546643 a composite number?
False
Is 80477 composite?
True
Is 52627 composite?
False
Is 567123 composite?
True
Is 4721 a composite number?
False
Is 596317 composite?
False
Is 359 a prime number?
True
Is 9377 prime?
True
Is 235867 prime?
False
Is 13283 composite?
True
Is 6995 composite?
True
Is 9599 a prime number?
False
Is 14251 a composite number?
False
Is 1145411 composite?
False
Is 101401 a composite number?
True
Is 86 a composite number?
True
Is 312271 composite?
True
Is 4247 composite?
True
Is 3956639 prime?
True
Is 4529 composite?
True
Is 186411 prime?
False
Is 1799 a prime number?
False
Is 2115629 prime?
True
Is 428293 a composite number?
True
Is 1477607 prime?
True
Is 81799 a prime number?
True
Is 8881 a composite number?
True
Is 1067263 prime?
True
Is 87881 a prime number?
True
Is 32603 a composite number?
False
Is 58659 a composite number?
True
Is 1399 composite?
False
Is 2099 a composite number?
False
Is 259 a prime number?
False
Is 1632291 prime?
False
Is 124789 composite?
True
Is 21347 prime?
True
Is 230887 a composite number?
True
Is 146917 a prime number?
True
Is 22298 a prime number?
False
Is 17601 a composite number?
True
Is 147997 composite?
False
Is 432001 a prime number?
True
Is 515 prime?
False
Is 7061 a composite number?
True
Is 349423 composite?
False
Is 7387 composite?
True
Is 59611 prime?
True
Is 239777 composite?
True
Is 6139 prime?
False
Is 70321 a composite number?
False
Is 36151 a composite number?
False
Is 180755 prime?
False
Is 43223 composite?
False
Is 208961 a composite number?
False
Is 317197 a prime number?
True
Is 18826 a prime number?
False
Is 4487 a composite number?
True
Is 1194407 a prime number?
True
Is 7229 composite?
False
Is 39409 prime?
True
Is 2004967 a prime number?
False
Is 147973 prime?
False
Is 336079 a prime number?
True
Is 26857 prime?
False
Is 4729 a composite number?
False
Is 583743 a prime number?
False
Is 109261 a composite number?
True
Is 76073 prime?
False
Is 340313 a composite number?
True
Is 302077 composite?
True
Is 16649 prime?
True
Is 998783 composite?
True
Is 30289 a prime number?
False
Is 32167 a prime number?
False
Is 463193 composite?
True
Is 34583 a composite number?
False
Is 275201 composite?
False
Is 391273 a prime number?
True
Is 343073 a composite number?
False
Is 97817 prime?
False
Is 44873 a composite number?
True
Is 8633 a prime number?
False
Is 20249 composite?
False
Is 14263 composite?
True
Is 184309 a prime number?
True
Is 7867 prime?
True
Is 45421 composite?
True
Is 4769 a prime number?
False
Is 128966 a prime number?
False
Is 9731 composite?
True
Is 2210801 a composite number?
False
Is 178813 composite?
False
Is 625307 prime?
True
Is 257963 composite?
True
Is 2993 composite?
True
Is 7331 composite?
False
Is 127739 prime?
True
Is 79687 a composite number?
False
Is 3083039 prime?
True
Is 8501 a composite number?
False
Is 121703 prime?
False
Is 178309 prime?
False
Is 6623 composite?
True
Is 6127 prime?
False
Is 13961 a prime number?
False
Is 152087 prime?
False
Is 356351 a composite number?
False
Is 907 prime?
True
Is 88211 composite?
False
Is 517277 prime?
True
Is 411667 a composite number?
False
Is 11665 a prime number?
False
Is 3899 prime?
False
Is 1584277 a composite number?
True
Is 77543 composite?
False
Is 38543 composite?
False
Is 247701 prime?
False
Is 28361 a prime number?
False
Is 3937 prime?
False
Is 45259 prime?
True
Is 23801 prime?
True
Is 796577 a prime number?
False
Is 97943 prime?
True
Is 3985 a composite number?
True
Is 397667 a prime number?
False
Is 26849 a prime number?
True
Is 159415 a composite number?
True
Is 64171 a prime number?
True
Is 9221839 a composite number?
True
Is 649 prime?
False
Is 2897041 a composite number?
True
Is 766133 a prime number?
False
Is 6207 a prime number?
False
Is 12941 a prime number?
True
Is 13291 prime?
True
Is 355933 a composite number?
False
Is 160309 a prime number?
True
Is 631 a composite number?
False
Is 1364017 a prime number?
True
Is 1119 a prime number?
False
Is 907 composite?
False
Is 5347 a prime number?
True
Is 210215 a composite number?
True
Is 22409 a prime number?
True
Is 188954 a composite number?
True
Is 27309 prime?
False
Is 126051 a prime number?
False
Is 85619 a composite number?
False
Is 3787 a composite number?
True
Is 171781 composite?
True
Is 351121 composite?
False
Is 16493 a prime number?
True
Is 13595 a prime number?
False
Is 1058659 composite?
True
Is 66901 composite?
True
Is 100733 composite?
False
Is 572191 a prime number?
False
Is 917 a prime number?
False
Is 149507 a prime number?
False
Is 133123 a composite number?
True
Is 308117 prime?
True
Is 11545 composite?
True
Is 234893 prime?
True
Is 171257 a composite number?
True
Is 29221 composite?
False
Is 49853 composite?
False
Is 998 a prime number?
False
Is 27613 composite?
True
Is 56167 a composite number?
False
Is 160729 composite?
True
Is 56237 a composite number?
False
Is 1016591 a composite number?
True
Is 5006 composite?
True
Is 539141 a prime number?
True
Is 17691 prime?
False
Is 655229 prime?
True
Is 693103 a composite number?
False
Is 419555 prime?
False
Is 26981 a prime number?
True
Is 3380027 composite?
True
Is 1890929 a prime number?
False
Is 140759 composite?
False
Is 42899 prime?
True
Is 592049 composite?
False
Is 112967 composite?
False
Is 36969 prime?
False
Is 26473 composite?
True
Is 3590915 a composite number?
True
Is 677213 prime?
True
Is 395669 a prime number?
False
Is 255637 prime?
True
Is 34899 composite?
True
Is 1733129 prime?
True
Is 182303 a prime number?
False
Is 19553 a prime number?
True
Is 329767 a composite number?
True
Is 32353 a composite number?
False
Is 5793 prime?
False
Is 101347 prime?
True
Is 4694 a composite number?
True
Is 85139 prime?
False
Is 347 a prime number?
True
Is 70607 a composite number?
False
Is 737251 a composite number?
False
Is 22421 a prime number?
False
Is 4861 a prime number?
True
Is 11239 composite?
False
Is 80846 a composite number?
True
Is 2821159 prime?
False
Is 323 composite?
True
Is 227135 prime?
False
Is 37087 a prime number?
True
Is 896863 a prime number?
False
Is 17246 a composite number?
True
Is 79529 prime?
False
Is 64289 prime?
False
Is 1353689 a prime number?
True
Is 4193853 a prime number?
False
Is 16869 prime?
False
Is 5333 a composite number?
False
Is 19267 composite?
False
Is 150446 prime?
False
Is 8743 a prime number?
False
Is 10497 a prime number?
False
Is 3659 composite?
False
Is 899 prime?
False
Is 13291 prime?
True
Is 33211 composite?
False
Is 759719 composite?
False
Is 203843 a composite number?
False
Is 20573 a composite number?
True
Is 25073 a prime number?
True
Is 2539 a composite number?
False
Is 7787 composite?
True
Is 991 a composite number?
False
Is 14143 a composite number?
False
Is 121529 composite?
True
Is 246371 prime?
True
Is 32567 prime?
False
Is 304541 composite?
False
Is 7091 prime?
False
Is 150881 composite?
False
Is 39499 a composite number?
False
Is 3324847 a prime number?
True
Is 321439 composite?
True
Is 66137 a prime number?
True
Is 9977 co